{"id":153,"date":"2025-10-29T19:50:16","date_gmt":"2025-10-29T19:50:16","guid":{"rendered":"https:\/\/rigcsa.mx\/?page_id=153"},"modified":"2025-11-12T18:07:01","modified_gmt":"2025-11-12T18:07:01","slug":"yaakum-147","status":"publish","type":"page","link":"https:\/\/rigcsa.mx\/index.php\/yaakum-147\/","title":{"rendered":"YAAKUN 147"},"content":{"rendered":"\n<figure class=\"wp-block-image size-full has-custom-border is-style-default\" style=\"margin-right:0\"><img loading=\"lazy\" decoding=\"async\" width=\"622\" height=\"350\" src=\"https:\/\/rigcsa.mx\/wp-content\/uploads\/2025\/07\/YAAKUN-147-3.jpg\" alt=\"\" class=\"wp-image-75\" style=\"border-style:none;border-width:0px;aspect-ratio:3\/2;object-fit:contain\" srcset=\"https:\/\/rigcsa.mx\/wp-content\/uploads\/2025\/07\/YAAKUN-147-3.jpg 622w, https:\/\/rigcsa.mx\/wp-content\/uploads\/2025\/07\/YAAKUN-147-3-300x169.jpg 300w\" sizes=\"auto, (max-width: 622px) 100vw, 622px\" \/><\/figure>\n\n\n\n<pre class=\"wp-block-preformatted has-text-color has-background has-link-color wp-elements-2c22db4aceefff933d3a7e46f392d105\" style=\"color:#374151;background-color:#ededd5;font-size:16px\">Imagina un lugar donde la naturaleza y la elegancia se unen en armon\u00eda. Un lugar donde la arquitectura se desarrolla para crear un estilo de vida de lujo y comodidad.<br>Bienvenido a&nbsp;<strong>Yaakun 147<\/strong>, un proyecto residencial de calidad premium ubicado en el coraz\u00f3n de Aldea Zama, en Tulum. Nuestro edificio ha sido dise\u00f1ado para ofrecer una experiencia de vida \u00fanica y exclusiva, con departamentos espaciosos y elegantes, y una variedad de amenidades y servicios de alta calidad.<br>En&nbsp;<strong>Yaakun 147<\/strong>, nos comprometemos a ofrecer un estilo de vida que se adapta a tus necesidades y deseos. Un lugar donde puedas relajarte y disfrutar de la belleza natural de Tulum, y al mismo tiempo, tener acceso a todas las comodidades y servicios que necesitas para vivir una vida de lujo y comodidad.<\/pre>\n\n\n<ul class=\"filebird-block-filebird-gallery layout-grid columns-3 is-cropped\" style=\"--columns: 3;--space: 0px;--min-width: 0px;\"><li class=\"blocks-gallery-item\"><figure><img loading=\"lazy\" decoding=\"async\" width=\"768\" height=\"432\" src=\"https:\/\/rigcsa.mx\/wp-content\/uploads\/2025\/10\/FACHADA-YAAKUN147.jpg\" alt=\"FACHADA-YAAKUN147\" class=\"wp-image-156\" srcset=\"https:\/\/rigcsa.mx\/wp-content\/uploads\/2025\/10\/FACHADA-YAAKUN147.jpg 768w, https:\/\/rigcsa.mx\/wp-content\/uploads\/2025\/10\/FACHADA-YAAKUN147-300x169.jpg 300w\" sizes=\"auto, (max-width: 768px) 100vw, 768px\" \/><\/figure><\/li><li class=\"blocks-gallery-item\"><figure><img loading=\"lazy\" decoding=\"async\" width=\"768\" height=\"432\" src=\"https:\/\/rigcsa.mx\/wp-content\/uploads\/2025\/10\/FACHADA-YAAKU-147_2.jpg\" alt=\"FACHADA-YAAKU-147_2\" class=\"wp-image-155\" srcset=\"https:\/\/rigcsa.mx\/wp-content\/uploads\/2025\/10\/FACHADA-YAAKU-147_2.jpg 768w, https:\/\/rigcsa.mx\/wp-content\/uploads\/2025\/10\/FACHADA-YAAKU-147_2-300x169.jpg 300w\" sizes=\"auto, (max-width: 768px) 100vw, 768px\" \/><\/figure><\/li><li class=\"blocks-gallery-item\"><figure><img loading=\"lazy\" decoding=\"async\" width=\"768\" height=\"432\" src=\"https:\/\/rigcsa.mx\/wp-content\/uploads\/2025\/10\/FACHADA-YAAKUN147_3.jpg\" alt=\"FACHADA-YAAKUN147_3\" class=\"wp-image-154\" srcset=\"https:\/\/rigcsa.mx\/wp-content\/uploads\/2025\/10\/FACHADA-YAAKUN147_3.jpg 768w, https:\/\/rigcsa.mx\/wp-content\/uploads\/2025\/10\/FACHADA-YAAKUN147_3-300x169.jpg 300w\" sizes=\"auto, (max-width: 768px) 100vw, 768px\" \/><\/figure><\/li><\/ul>\n\n\n<h2 class=\"wp-block-heading\">UBICACION PRIVILEGIADA<\/h2>\n\n\n\n<div class=\"wp-block-columns is-layout-flex wp-container-core-columns-is-layout-28f84493 wp-block-columns-is-layout-flex\">\n<div class=\"wp-block-column is-vertically-aligned-top is-content-justification-left is-layout-constrained wp-container-core-column-is-layout-12dd3699 wp-block-column-is-layout-constrained\" style=\"flex-basis:90%\">\n<pre class=\"wp-block-preformatted has-primary-color has-text-color has-background has-link-color wp-elements-290e6f5271dcc04b88d37fd1b768028f\" style=\"background-color:#ededd5;font-size:16px\">Ubicado en el coraz\u00f3n de Tulum, este edificio se erige como un testimonio del estilo y la modernidad que caracterizan a la Riviera Maya. A solo 10 minutos de las impresionantes playas de arena blanca y rodeado por una exuberante vegetaci\u00f3n tropical, su ubicaci\u00f3n es ideal para aquellos que buscan conectarse con la naturaleza sin renunciar a la comodidad.\nEl edificio, dise\u00f1ado con una arquitectura contempor\u00e1nea que armoniza con el entorno, cuenta con amplias terrazas y \u00e1reas comunes que fomentan la convivencia. Adem\u00e1s, se encuentra cerca de una variedad de restaurantes, boutiques y centros culturales que reflejan la rica herencia de la regi\u00f3n. En este espacio, los residentes pueden disfrutar de un estilo de vida relajado, rodeados de la belleza \u00fanica que Tulum ofrece, convirti\u00e9ndose en un refugio perfecto para quienes desean experimentar lo mejor de la vida en la costa caribe\u00f1a.<\/pre>\n<\/div>\n\n\n\n<div class=\"wp-block-column is-layout-flow wp-block-column-is-layout-flow\" style=\"flex-basis:50%\">\n<figure class=\"wp-block-image size-full is-resized\"><img loading=\"lazy\" decoding=\"async\" width=\"355\" height=\"342\" src=\"https:\/\/rigcsa.mx\/wp-content\/uploads\/2025\/10\/tulum_ubicacion_yaakun147.png\" alt=\"\" class=\"wp-image-157\" style=\"aspect-ratio:9\/16;object-fit:cover;width:452px;height:auto\" srcset=\"https:\/\/rigcsa.mx\/wp-content\/uploads\/2025\/10\/tulum_ubicacion_yaakun147.png 355w, https:\/\/rigcsa.mx\/wp-content\/uploads\/2025\/10\/tulum_ubicacion_yaakun147-300x289.png 300w\" sizes=\"auto, (max-width: 355px) 100vw, 355px\" \/><\/figure>\n<\/div>\n<\/div>\n\n\n<ul class=\"filebird-block-filebird-gallery layout-grid columns-4 is-cropped\" style=\"--columns: 4;--space: 0px;--min-width: 0px;\"><li class=\"blocks-gallery-item\"><figure><img loading=\"lazy\" decoding=\"async\" width=\"768\" height=\"432\" src=\"https:\/\/rigcsa.mx\/wp-content\/uploads\/2025\/10\/yaakun147_vista1.jpeg\" alt=\"yaakun147_vista1\" class=\"wp-image-161\" srcset=\"https:\/\/rigcsa.mx\/wp-content\/uploads\/2025\/10\/yaakun147_vista1.jpeg 768w, https:\/\/rigcsa.mx\/wp-content\/uploads\/2025\/10\/yaakun147_vista1-300x169.jpeg 300w\" sizes=\"auto, (max-width: 768px) 100vw, 768px\" \/><\/figure><\/li><li class=\"blocks-gallery-item\"><figure><img loading=\"lazy\" decoding=\"async\" width=\"1600\" height=\"900\" src=\"https:\/\/rigcsa.mx\/wp-content\/uploads\/2025\/10\/yaakum_147_vista2.jpeg\" alt=\"yaakum_147_vista2\" class=\"wp-image-160\" srcset=\"https:\/\/rigcsa.mx\/wp-content\/uploads\/2025\/10\/yaakum_147_vista2.jpeg 1600w, https:\/\/rigcsa.mx\/wp-content\/uploads\/2025\/10\/yaakum_147_vista2-300x169.jpeg 300w, https:\/\/rigcsa.mx\/wp-content\/uploads\/2025\/10\/yaakum_147_vista2-1024x576.jpeg 1024w, https:\/\/rigcsa.mx\/wp-content\/uploads\/2025\/10\/yaakum_147_vista2-768x432.jpeg 768w, https:\/\/rigcsa.mx\/wp-content\/uploads\/2025\/10\/yaakum_147_vista2-1536x864.jpeg 1536w\" sizes=\"auto, (max-width: 1600px) 100vw, 1600px\" \/><\/figure><\/li><li class=\"blocks-gallery-item\"><figure><img loading=\"lazy\" decoding=\"async\" width=\"1600\" height=\"900\" src=\"https:\/\/rigcsa.mx\/wp-content\/uploads\/2025\/10\/yaakun147_vista3.jpeg\" alt=\"yaakun147_vista3\" class=\"wp-image-159\" srcset=\"https:\/\/rigcsa.mx\/wp-content\/uploads\/2025\/10\/yaakun147_vista3.jpeg 1600w, https:\/\/rigcsa.mx\/wp-content\/uploads\/2025\/10\/yaakun147_vista3-300x169.jpeg 300w, https:\/\/rigcsa.mx\/wp-content\/uploads\/2025\/10\/yaakun147_vista3-1024x576.jpeg 1024w, https:\/\/rigcsa.mx\/wp-content\/uploads\/2025\/10\/yaakun147_vista3-768x432.jpeg 768w, https:\/\/rigcsa.mx\/wp-content\/uploads\/2025\/10\/yaakun147_vista3-1536x864.jpeg 1536w\" sizes=\"auto, (max-width: 1600px) 100vw, 1600px\" \/><\/figure><\/li><li class=\"blocks-gallery-item\"><figure><img loading=\"lazy\" decoding=\"async\" width=\"1600\" height=\"900\" src=\"https:\/\/rigcsa.mx\/wp-content\/uploads\/2025\/10\/yaakun147_vista4.jpeg\" alt=\"yaakun147_vista4\" class=\"wp-image-158\" srcset=\"https:\/\/rigcsa.mx\/wp-content\/uploads\/2025\/10\/yaakun147_vista4.jpeg 1600w, https:\/\/rigcsa.mx\/wp-content\/uploads\/2025\/10\/yaakun147_vista4-300x169.jpeg 300w, https:\/\/rigcsa.mx\/wp-content\/uploads\/2025\/10\/yaakun147_vista4-1024x576.jpeg 1024w, https:\/\/rigcsa.mx\/wp-content\/uploads\/2025\/10\/yaakun147_vista4-768x432.jpeg 768w, https:\/\/rigcsa.mx\/wp-content\/uploads\/2025\/10\/yaakun147_vista4-1536x864.jpeg 1536w\" sizes=\"auto, (max-width: 1600px) 100vw, 1600px\" \/><\/figure><\/li><\/ul>\n\n\n<h2 class=\"wp-block-heading\">AMENIDADES<\/h2>\n\n\n\n<div class=\"wp-block-group is-layout-constrained wp-block-group-is-layout-constrained\">\n<h3 class=\"wp-block-heading\">Descarga nuestro brochure YAAKUN 147<\/h3>\n<\/div>\n\n\n\n<div class=\"wp-block-file\"><a id=\"wp-block-file--media-9509910c-e56e-4711-a89d-ce938ce70794\" href=\"https:\/\/rigcsa.mx\/wp-content\/uploads\/2025\/10\/Brochure-General-Yaakun-147.pdf\" target=\"_blank\" rel=\"noreferrer noopener\">Brochure-General-Yaakun-147<\/a><a href=\"https:\/\/rigcsa.mx\/wp-content\/uploads\/2025\/10\/Brochure-General-Yaakun-147.pdf\" class=\"wp-block-file__button wp-element-button\" download aria-describedby=\"wp-block-file--media-9509910c-e56e-4711-a89d-ce938ce70794\">Descarga<\/a><\/div>\n","protected":false},"excerpt":{"rendered":"<p>Imagina un lugar donde la naturaleza y la elegancia se unen en armon\u00eda. Un lugar donde la arquitectura se desarrolla para crear un estilo de vida de lujo y comodidad.Bienvenido a&nbsp;Yaakun 147, un proyecto residencial de calidad premium ubicado en el coraz\u00f3n de Aldea Zama, en Tulum. Nuestro edificio ha sido dise\u00f1ado para ofrecer una [&hellip;]<\/p>\n","protected":false},"author":1,"featured_media":0,"parent":0,"menu_order":3,"comment_status":"closed","ping_status":"closed","template":"","meta":{"footnotes":""},"class_list":["post-153","page","type-page","status-publish","hentry"],"_links":{"self":[{"href":"https:\/\/rigcsa.mx\/index.php\/wp-json\/wp\/v2\/pages\/153","targetHints":{"allow":["GET"]}}],"collection":[{"href":"https:\/\/rigcsa.mx\/index.php\/wp-json\/wp\/v2\/pages"}],"about":[{"href":"https:\/\/rigcsa.mx\/index.php\/wp-json\/wp\/v2\/types\/page"}],"author":[{"embeddable":true,"href":"https:\/\/rigcsa.mx\/index.php\/wp-json\/wp\/v2\/users\/1"}],"replies":[{"embeddable":true,"href":"https:\/\/rigcsa.mx\/index.php\/wp-json\/wp\/v2\/comments?post=153"}],"version-history":[{"count":33,"href":"https:\/\/rigcsa.mx\/index.php\/wp-json\/wp\/v2\/pages\/153\/revisions"}],"predecessor-version":[{"id":475,"href":"https:\/\/rigcsa.mx\/index.php\/wp-json\/wp\/v2\/pages\/153\/revisions\/475"}],"wp:attachment":[{"href":"https:\/\/rigcsa.mx\/index.php\/wp-json\/wp\/v2\/media?parent=153"}],"curies":[{"name":"wp","href":"https:\/\/api.w.org\/{rel}","templated":true}]}}